-9. Let y(m) = -m**3 + 6*m**2 - 6*m + 1. What are the prime factors of y(u)?
3
Let x(j) = -j - 1. Let l be x(-4). Suppose 2*v - 3 = l. List the prime factors of v.
3
Suppose -m - 4 = -2, -4*w - 4*m + 24 = 0. Suppose -2*v + 48 = w. What are the prime factors of v?
2, 5
Suppose 5*i = 2*m + 4, -i - 3*m + 14 = m. Suppose q = o - 17, i*o + q = 1 + 42. List the prime factors of o.
2, 5
Let k = 15 + 22. List the prime factors of k.
37
Let k = -259 - -473. What are the prime factors of k?
2, 107
Suppose -939 - 169 = -4*b. What are the prime factors of b?
277
Suppose 0 = 2*x + 5*f - 82, 2*x + f - 98 = -0*x. What are the prime factors of x?
3, 17
List the prime factors of 0 - (-1 - -1) - (-9 - 285).
2, 3, 7
Let d be (8/10)/((-4)/(-50)). Suppose -u - 6 = -4. Let j = d + u. List the prime factors of j.
2
What are the prime factors of (129 - (0 + (1 - -2)))*1?
2, 3, 7
Suppose 3*r = 1 + 14. Let s = 23 - 12. Suppose f - u - 4 - s = 0, f = -3*u - r. List the prime factors of f.
2, 5
What are the prime factors of 152/3 + 20/(-12) + 1?
2, 5
Let a be (1 - 4/(-6))*24. Suppose -y - v - 45 = -6*y, -a = -3*y - 2*v. List the prime factors of y.
2, 5
Let l = -12 - -50. List the prime factors of l.
2, 19
Suppose 5*b - 14 = 6. Suppose -3*v - 22 = -5*t, t + 3*t = b*v + 16. Suppose 0 = -f + t*f - 8. List the prime factors of f.
2
Let t(f) = f**3 + 6*f**2 - 7*f. Let v be t(-7). Suppose v = -3*m - m + 5*g + 20, -20 = -5*g. List the prime factors of m.
2, 5
Suppose 5*l + 5*a - 10 = 0, -a + 2 = l + a. Suppose -2*f + 2 = 0, -3*f + 93 = 4*w + l*f. List the prime factors of w.
2, 11
Let q be 4*1*27/18. Let s(k) be the third derivative of k**5/30 - 5*k**4/12 + 7*k**3/6 - 2*k**2. List the prime factors of s(q).
19
Let l(t) = -t**3 - 7*t**2 - 5*t + 7. Let b be l(-6). Let g be -3 - b*3/(-3). What are the prime factors of g*(-3)/6 - -6?
7
Let z be (2/(-5))/(1/(-10)). Suppose 20 = z*u + u. What are the prime factors of u?
2
List the prime factors of ((-518)/12)/(-7) - 2/12.
2, 3
Let c(s) be the second derivative of -s**3/2 + 7*s**2/2 - 10*s. What are the prime factors of c(-5)?
2, 11
What are the prime factors of (-6 + 3 - -14)*4?
2, 11
Let m be (-4)/(-2) + 1 + 21. Suppose -4*d = -7*d. Suppose 2*t - m = -5*o, 48 = 4*t - d*t + 4*o. What are the prime factors of t?
2, 3
Suppose 3 + 9 = 4*l. List the prime factors of l + (2 - 3*-5).
2, 5
Let y(q) = -10*q - 5. Let z be y(4). List the prime factors of 10/(-4)*108/z.
2, 3
Let a = 29 - -1. What are the prime factors of (0 - -2) + a - 2?
2, 3, 5
Suppose -3*y = 4*r + 2*y - 104, r - 29 = -2*y. What are the prime factors of r?
3, 7
Suppose 0 = -4*g + k - 532, -463 - 53 = 4*g - 5*k. Let d = -89 - g. Suppose -2*o - 4*t = 2*o, d = 4*o - 5*t. What are the prime factors of o?
5
Let t(w) = w**3 - 2*w**2 + 2*w. Let n be t(2). Let a = -4 + 9. Suppose 3 = -g, -a*g + n + 13 = 2*d. List the prime factors of d.
2
Let p = 51 - 85. What are the prime factors of (p/4)/(1/(-2))?
17
Let a be 4/6*-1*-6. Let y(n) = n - 2. Let b be y(4). Suppose -a*r - 2 = s, -s - b*r = -5*s + 64. What are the prime factors of s?
2, 7
Let r(s) = s + 3. Let z be r(-3). Suppose m + 0 = 3. Suppose -n + 7 = -m*k - 10, z = k + 2. What are the prime factors of n?
11
Let n(t) = -t**3 + t. Suppose -l + 4 = -5*l. Let j be n(l). Suppose j*k - k + 10 = 0. What are the prime factors of k?
2, 5
Suppose 1 = 4*h - h - 4*j, -4*h - 3*j + 18 = 0. Suppose -h*o + 0*o = 57. Let p = o + 33. What are the prime factors of p?
2, 7
Suppose 0*w = -w - 7. Let m = w - -9. What are the prime factors of m?
2
Let k = 4 - -7. What are the prime factors of k?
11
Let d = -37 - -146. List the prime factors of d.
109
Let p(c) = 10*c**3 + 2*c**2. List the prime factors of p(2).
2, 11
Suppose -7*n + 11*n = 16. Suppose 2*f - n = 60. List the prime factors of f.
2
Let x = -150 - -219. What are the prime factors of x?
3, 23
Let b(v) = 2*v - 2. Suppose -n - 3*n = -16. Let y be b(n). What are the prime factors of (6/2 - y) + 8?
5
Let x(o) = o**3 + o**2 - o + 1. Let l be x(1). Suppose -2*j + l*a + 10 + 22 = 0, -a - 48 = -3*j. What are the prime factors of j?
2
Suppose 30 = 5*p - 0*p. Let k(r) = -p - 2*r + 0*r + r**3 - 2*r - 5*r**2. List the prime factors of k(6).
2, 3
Suppose 4*i = -i. Let d = 3 + i. Suppose -d*c + 0*c - 3*o = -12, c - 4*o - 24 = 0. List the prime factors of c.
2
Let y(o) = 2*o**2 - 3*o. Suppose -5*p = -p - 16. Let z be y(p). What are the prime factors of (-2)/4 - z/(-8)?
2
Suppose a + 2*r + 9 = -2*r, -5*a = r - 12. List the prime factors of a/(-15) + (-11)/(-5).
2
Suppose 12 = 5*j - j. Suppose j*o + 9 - 33 = 0. List the prime factors of o.
2
Let j(w) = w - 6. Let t be j(-6). What are the prime factors of (-340)/t + (-4)/(-6)?
29
Suppose 172 = 3*q + 2*q - 4*u, -u = -3*q + 99. Let r = q - 17. List the prime factors of r.
3, 5
Let n(s) = -s - 2. Let o be n(-5). Suppose -t + o*t - 8 = 0. What are the prime factors of t?
2
Let s(o) = 10*o - 16. List the prime factors of s(13).
2, 3, 19
Let q = 93 - 133. Let w = -27 - q. What are the prime factors of w?
13
Let t(z) = z**3 - 3*z**2 + 2*z + 9. List the prime factors of t(6).
3, 43
Suppose -14 = -8*i + 162. What are the prime factors of i?
2, 11
Let b(f) = 18*f - 12. Let p be b(5). Let m = p - 50. List the prime factors of m.
2, 7
Suppose v = 3*y - 150, 4*y + 4*v - 200 = 2*v. List the prime factors of y.
2, 5
Let l(j) = j**2 - 7*j + 1. Let a be l(7). What are the prime factors of 8/(a + 1/(-3))?
2, 3
Let w(g) = g**3 + 7*g**2 - 4*g - 5. What are the prime factors of w(-6)?
5, 11
Suppose -4*k = -k - 21. Let j(z) = 11 + k - 5 + z. What are the prime factors of j(-9)?
2
Let d be 10/30 + 148/6. Suppose 5*s + 20 + d = 0. Let u = -2 - s. What are the prime factors of u?
7
Let y = -47 - 8. Let u = -38 - y. List the prime factors of u.
17
Suppose -2*x - 2 = 0, 3*x = -7*m + 4*m. What are the prime factors of 0 + (-26 - m)/(-3)?
3
Let a(m) = -5*m - m + 3*m**3 + 7*m - 2*m**2 + 1. What are the prime factors of a(2)?
19
Let v be (0 - 0)*(1 - 2). List the prime factors of 5 + v + 2/1.
7
Let u be (-3)/(6/(-16)) + -3. Suppose 0 = -u*r - 25, o - 2*r = 6 + 8. Suppose -5*k = 2*d - 59, 2*d - o*k - 38 = -2*k. What are the prime factors of d?
2, 11
Suppose 0 = -4*f - 0 - 8. Let p(h) = 5 + 4*h**2 - 1 + 4*h - 1. What are the prime factors of p(f)?
11
Let n = 6 - 4. Let s(l) = -l**2 + 15*l + 4. Let k be s(15). Suppose k*m - 3*c - 5 = 0, 3*c = -2*m + n*c + 5. What are the prime factors of m?
2
Suppose 0 = 3*p - 1693 + 421. What are the prime factors of 14/(-35) - p/(-10)?
2, 3, 7
Let n(w) = 20*w - 24. What are the prime factors of n(10)?
2, 11
Suppose -165 = -0*d + 5*d. Let l = -12 - d. What are the prime factors of l?
3, 7
Let b(z) = -70*z + 3. What are the prime factors of b(-1)?
73
Let r = 94 + -34. Let j = r - 40. What are the prime factors of j?
2, 5
Suppose z - 5*g - 33 = 0, -3*g + 10 = 2*z + g. Let u = -2 + z. List the prime factors of u.
11
What are the prime factors of (-1)/(-4 - (-1180)/296)?
2, 37
Let d = 12 + 53. Suppose -5*l + 0*l + d = 0. Let a = l + -4. What are the prime factors of a?
3
Let a be (11 + -8)*(2 + -1). Suppose -a*i + 26 + 31 = 0. What are the prime factors of i?
19
Suppose -4*n - 129 = 2*w - 357, 2*n + 630 = 5*w. What are the prime factors of w?
2, 31
Let d = 3 + 0. Suppose -6*x + 5*f = -11*x + 295, -3*x = -d*f - 165. List the prime factors of x.
3, 19
Let u(s) = 4*s**3 - s**2. Let g be u(-1). Let m = -2 - g. Suppose -3*c - m*v = -15, -4*c - 31 = -7*c + 5*v. List the prime factors of c.
7
Suppose 9 = -3*c + 27. Let o(x) = x**3 - 5*x**2 - 6*x + 2. What are the prime factors of o(c)?
2
What are the prime factors of 15/(-6)*(0 - 6)?
3, 5
Let c(q) be the first derivative of -q**4/4 - q**3 - 3*q**2/2 - 4*q - 1. What are the prime factors of c(-3)?
5
Suppose 2 = b - 15. Let n(c) = c**3 - c**2 - 5*c + 3. Let x be n(4). Let q = x - b. What are the prime factors of q?
2, 7
Let d(z) be the third derivative of -z**6/120 + 2*z**5/15 - 5*z**4/24 + z**3/2 + z**2. What are the prime factors of d(7)?
17
Let w(q) = 2*q - 5. Suppose 2*a - 6*a + 60 = 0. Suppose 2*d = a - 5. What are the prime factors of w(d)?
5
Let a(g) = 3*g**2 - g + 1. Let j(v) = -2 + 3 + v + 0. Let q be j(0). What are the prime factors of a(q)?
3
Suppose 4 = 2*u - 2*j, -2*u + j = -0*j - 5. Suppose -r + 3*d - 